{"id":85,"date":"2024-11-12T21:10:28","date_gmt":"2024-11-12T20:10:28","guid":{"rendered":"https:\/\/badhornet.pl\/?page_id=85"},"modified":"2024-11-15T22:54:41","modified_gmt":"2024-11-15T21:54:41","slug":"bad-hornet","status":"publish","type":"page","link":"https:\/\/badhornet.pl\/","title":{"rendered":"Bad Hornet"},"content":{"rendered":"\n<h2 class=\"wp-block-heading\">Wojna na Ukrainie zaskoczy\u0142a nas wszystkich. Tych kt\u00f3rzy si\u0119 jej spodziewali, tych kt\u00f3rzy nie mieli na ni\u0105 czasu i tych kt\u00f3rzy w ni\u0105 nie wierzyli.<\/h2>\n\n\n\n<p>Zburzy\u0142a nasze iluzje, nadzieje, a niekt\u00f3rym nawet \u017cycia. Jednych zamieni\u0142a w potwory z innych wydoby\u0142a anio\u0142y. Zmieni\u0142a nasz\u0105 histor\u0119 i nasze w niej miejsce raz na zawsze.<\/p>\n\n\n\n<p>Zmieni\u0142 si\u0119 tak\u017ce spos\u00f3b w jaki ludzie tocz\u0105 walk\u0119. Z jednej strony przypomnia\u0142a horror wojny pozycyjnej z przed 100 lat a z drugiej zaanga\u017cowa\u0142a w swoje tryby najnowsz\u0105 technologi\u0119 i ca\u0142\u0105 ludzk\u0105 inwencj\u0119 tw\u00f3rcz\u0105 maj\u0105c\u0105 da\u0107 przewag\u0119 nad przeciwnikiem. Rakiety, precyzyjne bomby, laserowo kierowana artyleria, termowizja, \u0142\u0105czno\u015b\u0107 satelitarna i sztuczna inteligencja to ju\u017c codzienno\u015b\u0107.<\/p>\n\n\n\n<p>Niekwestionowanym odkryciem i efektem \u017co\u0142nierskiej pomys\u0142owo\u015bci sta\u0142o si\u0119 zastosowanie ma\u0142ych amatorskich dron\u00f3w do cel\u00f3w rozpoznawczych i uderzeniowych. Tysi\u0105ce cyfrowych oczu monitruj\u0105cych ka\u017cdy kilometr frontu, tysi\u0105ce \u015bmierciono\u015bnych \u0142adunk\u00f3w przenoszonych na du\u017c\u0105 odleg\u0142o\u015b\u0107 za pomoc\u0105 wirnik\u00f3w dron\u00f3w FPV zmieni\u0142o raz na zawsze taktyk\u0119 i metody prowadzenia walki.<\/p>\n\n\n\n<p>P\u0142on\u0105ce czo\u0142gi, zrujnowane miasta, okopy wype\u0142nione b\u0142otem i zm\u0119czonymi \u017co\u0142nierzami, linie bunkr\u00f3w daj\u0105cych nadziej\u0119 na przetrwanie kolejnego dnia sta\u0142y si\u0119 miejscem gdzie narodzi\u0142 si\u0119 Bad Hornet. Z\u0142y Szersze\u0144. Atakuj\u0105cy o \u015bwicie, bezlitosny za dnia, koszmarny po zmierzchu.<\/p>\n\n\n\n<p>Czas \u017ceby\u015bcie go poznali.<\/p>\n","protected":false},"excerpt":{"rendered":"<p>Wojna na Ukrainie zaskoczy\u0142a nas wszystkich. Tych kt\u00f3rzy si\u0119 jej spodziewali, tych kt\u00f3rzy nie mieli na ni\u0105 czasu i tych kt\u00f3rzy w ni\u0105 nie wierzyli. Zburzy\u0142a nasze iluzje, nadzieje, a niekt\u00f3rym nawet \u017cycia. Jednych zamieni\u0142a w potwory z innych wydoby\u0142a anio\u0142y. Zmieni\u0142a nasz\u0105 histor\u0119 i nasze w niej miejsce raz na zawsze. Zmieni\u0142 si\u0119 tak\u017ce &hellip; <\/p>\n<p class=\"link-more\"><a href=\"https:\/\/badhornet.pl\/\" class=\"more-link\">Czytaj dalej<span class=\"screen-reader-text\"> \u201eBad Hornet\u201d<\/span><\/a><\/p>\n","protected":false},"author":1,"featured_media":0,"parent":0,"menu_order":0,"comment_status":"closed","ping_status":"closed","template":"","meta":{"footnotes":""},"class_list":["post-85","page","type-page","status-publish","hentry"],"_links":{"self":[{"href":"https:\/\/badhornet.pl\/index.php?rest_route=\/wp\/v2\/pages\/85"}],"collection":[{"href":"https:\/\/badhornet.pl\/index.php?rest_route=\/wp\/v2\/pages"}],"about":[{"href":"https:\/\/badhornet.pl\/index.php?rest_route=\/wp\/v2\/types\/page"}],"author":[{"embeddable":true,"href":"https:\/\/badhornet.pl\/index.php?rest_route=\/wp\/v2\/users\/1"}],"replies":[{"embeddable":true,"href":"https:\/\/badhornet.pl\/index.php?rest_route=%2Fwp%2Fv2%2Fcomments&post=85"}],"version-history":[{"count":13,"href":"https:\/\/badhornet.pl\/index.php?rest_route=\/wp\/v2\/pages\/85\/revisions"}],"predecessor-version":[{"id":340,"href":"https:\/\/badhornet.pl\/index.php?rest_route=\/wp\/v2\/pages\/85\/revisions\/340"}],"wp:attachment":[{"href":"https:\/\/badhornet.pl\/index.php?rest_route=%2Fwp%2Fv2%2Fmedia&parent=85"}],"curies":[{"name":"wp","href":"https:\/\/api.w.org\/{rel}","templated":true}]}}