{"id":15,"date":"2024-11-12T17:19:37","date_gmt":"2024-11-12T16:19:37","guid":{"rendered":"https:\/\/badhornet.pl\/?page_id=15"},"modified":"2025-10-27T10:10:46","modified_gmt":"2025-10-27T09:10:46","slug":"szkolenia","status":"publish","type":"page","link":"https:\/\/badhornet.pl\/?page_id=15","title":{"rendered":"Szkolenia dronowe"},"content":{"rendered":"\n<p>Daty szkole\u0144 w zak\u0142adce <a href=\"https:\/\/badhornet.pl\/?page_id=21\" data-type=\"link\" data-id=\"https:\/\/badhornet.pl\/?page_id=21\">Terminarz<\/a><\/p>\n\n\n\n<h2 class=\"wp-block-heading\">Szkolenie u\u017cycia dron\u00f3w klasy mikro do cel\u00f3w rozpoznawczych<\/h2>\n\n\n\n<p>czas trwania: 3 dni<\/p>\n\n\n\n<p>cena : 1200 pln \/ os (cena nie zawiera koszt\u00f3w zakwaterowania i wy\u017cywienia)<\/p>\n\n\n\n<p>lokalizacja: strzelnica &#8222;Gun Culture&#8221; w Gostyniu<\/p>\n\n\n\n<ol class=\"wp-block-list\">\n<li>Szkolenie teoretyczne\n<ul class=\"wp-block-list\">\n<li>Teoria lotu wielowirnikowc\u00f3w<\/li>\n\n\n\n<li>Meteorologia<\/li>\n\n\n\n<li>Topografia<\/li>\n\n\n\n<li>Budowa i eksploatacja drona\n<ul class=\"wp-block-list\">\n<li>Podzespo\u0142y elektroniczne, mechaniczne i radiotechniczne<\/li>\n\n\n\n<li>Oprogramowanie i konfiguracja drona<\/li>\n<\/ul>\n<\/li>\n\n\n\n<li>Systemy \u015bwiadomo\u015bci sytuacyjnej, zarz\u0105dzania polem walki i komunikacji<\/li>\n\n\n\n<li>Systemy walki radioelektronicznej<\/li>\n\n\n\n<li>Planowanie i przygotowanie misji<\/li>\n\n\n\n<li>\u015arodki bojowe i zasady bezpiecznego u\u017cycia<\/li>\n\n\n\n<li>Taktyka i ubezpieczenie zespo\u0142u rozpoznawczego<\/li>\n\n\n\n<li>Rozpoznanie pojazd\u00f3w i sprz\u0119tu przeciwnika<\/li>\n<\/ul>\n<\/li>\n\n\n\n<li>Loty dronem rozpoznawczym &#8211; szkolenie praktyczne\n<ul class=\"wp-block-list\">\n<li>Loty indywidualne ze stabilizacj\u0105 GPS<\/li>\n\n\n\n<li>Loty indywidualne w trybie bez stabilizacji<\/li>\n\n\n\n<li>Loty rozpoznawcze<\/li>\n\n\n\n<li>Loty oraz zrzut \u0142adunk\u00f3w bojowych<\/li>\n\n\n\n<li>Loty dalekodystansowe zastosowaniem anten zewn\u0119trzych<\/li>\n<\/ul>\n<\/li>\n\n\n\n<li>Szkolenie zaawansowane\n<ul class=\"wp-block-list\">\n<li>Przygotowanie zespo\u0142u i zasob\u00f3w do misji.<\/li>\n\n\n\n<li>Dotarcie na pozycj\u0119 przy aktywnym rozpoznaniu przeciwnika<\/li>\n\n\n\n<li>&nbsp;Przygotowanie pozycji i sprz\u0119tu do dzia\u0142ania<\/li>\n\n\n\n<li>Wsp\u00f3\u0142dzia\u0142anie z grup\u0105 uderzeniow\u0105, realizacja zada\u0144, komunikacja.<\/li>\n\n\n\n<li>Zarz\u0105dzanie zasobami i \u015brodkami bojowymi<\/li>\n\n\n\n<li>Powr\u00f3t z misji i analiza wniosk\u00f3w<\/li>\n<\/ul>\n<\/li>\n<\/ol>\n\n\n\n<blockquote class=\"wp-block-quote is-layout-flow wp-block-quote-is-layout-flow\">\n<p>Uwaga. Przed przyst\u0105pieniem do szkolenia wymagane jest posiadanie uprawnie\u0144 ULC klasy A1\/A3 <\/p>\n\n\n\n<p>Uprawnienia mo\u017cliwe do uzyskania za darmo na stronie ULC : <a href=\"https:\/\/elearning.uav.pansa.pl\/catalog\">https:\/\/elearning.uav.pansa.pl\/catalog<\/a><\/p>\n<\/blockquote>\n\n\n\n<blockquote class=\"wp-block-quote is-layout-flow wp-block-quote-is-layout-flow\">\n<p>Zakwaterowanie w\u0142asne lub na terenie o\u015brodka szkoleniowego 200 pln \/ 3 dni . Wy\u017cywienie catering w cenie 35 pln \/os \/ dzie\u0144 lub indywidualnie. Wymagane jest wcze\u015bniejsza deklaracja noclegu lub wy\u017cywienia<\/p>\n\n\n\n<p>Zaj\u0119cia zaczynaj\u0105 si\u0119 o godz. 9:00 dnia pierwszego i ko\u0144cz\u0105 si\u0119 o 12:00 dnia ostatniego. Ostatni dzie\u0144 to zaj\u0119cia praktyczne nocno-dzienne.<\/p>\n\n\n\n<p>Istnieje mo\u017cliwo\u015b\u0107 przyjazdu i noclegu dzie\u0144 wcze\u015bniej wieczorem.<\/p>\n<\/blockquote>\n\n\n\n<h2 class=\"wp-block-heading\">Szkolenie bojowego u\u017cycia dron\u00f3w klasy FPV do cel\u00f3w uderzeniowych.<\/h2>\n\n\n\n<p>czas trwania: 5 dni<\/p>\n\n\n\n<p>cena : 2000 pln \/ os (cena nie zawiera koszt\u00f3w zakwaterowania i wy\u017cywienia)<\/p>\n\n\n\n<p>lokalizacja: strzelnica &#8222;Gun Culture&#8221; w Gostyniu<\/p>\n\n\n\n<ol class=\"wp-block-list\">\n<li>Szkolenie teoretyczne\n<ul class=\"wp-block-list\">\n<li>Teoria lotu wielowirnikowc\u00f3w<\/li>\n\n\n\n<li>Meteorologia<\/li>\n\n\n\n<li>Topografia<\/li>\n\n\n\n<li>Budowa i eksploatacja FPV\n<ul class=\"wp-block-list\">\n<li>Podzespo\u0142y elektroniczne, mechaniczne i radiotechniczne<\/li>\n\n\n\n<li>Oprogramowanie i konfiguracja drona<\/li>\n<\/ul>\n<\/li>\n\n\n\n<li>Systemy \u015bwiadomo\u015bci sytuacyjnej, zarz\u0105dzania polem walki i komunikacji<\/li>\n\n\n\n<li>Systemy walki radioelektronicznej<\/li>\n\n\n\n<li>Planowanie i przygotowanie misji<\/li>\n\n\n\n<li>\u015arodki bojowe i zasady bezpiecznego u\u017cycia<\/li>\n\n\n\n<li>Taktyka i ubezpieczenie zespo\u0142u uderzeniowego<\/li>\n<\/ul>\n<\/li>\n\n\n\n<li>Pilota\u017c drona FPV \u2013 symulator\n<ul class=\"wp-block-list\">\n<li>Trening indywidualny<\/li>\n\n\n\n<li>Zaliczenie \u2013 materia\u0142 video lub stream z symulatora<\/li>\n<\/ul>\n<\/li>\n\n\n\n<li>Praktyczna budowa i konfiguracja dron\u00f3w FPV\n<ul class=\"wp-block-list\">\n<li>Dob\u00f3r podzespo\u0142\u00f3w<\/li>\n\n\n\n<li>Monta\u017c i lutowanie<\/li>\n\n\n\n<li>Konfiguracja oprogramowania<\/li>\n\n\n\n<li>Testy w locie<\/li>\n<\/ul>\n<\/li>\n\n\n\n<li>Loty dronem FPV &#8211; szkolenie praktyczne\n<ul class=\"wp-block-list\">\n<li>Loty indywidualne \u2013 tor<\/li>\n\n\n\n<li>Loty z \u0142adunkiem bojowym<\/li>\n\n\n\n<li>Atak cel\u00f3w stacjonarnych i ruchomych<\/li>\n\n\n\n<li>Zrzuty \u0142adunk\u00f3w bojowych<\/li>\n\n\n\n<li>U\u017cywanie \u015brodk\u00f3w bojowych \u2013 pirotechnika<\/li>\n\n\n\n<li>Loty dalekodystansowe<\/li>\n<\/ul>\n<\/li>\n\n\n\n<li>Szkolenie zaawansowane\n<ul class=\"wp-block-list\">\n<li>Przygotowanie zespo\u0142u i zasob\u00f3w do misji.<\/li>\n\n\n\n<li>Dotarcie na pozycj\u0119 przy aktywnym rozpoznaniu przeciwnika<\/li>\n\n\n\n<li>&nbsp;Przygotowanie pozycji i sprz\u0119tu do dzia\u0142ania<\/li>\n\n\n\n<li>Wsp\u00f3\u0142dzia\u0142anie z grup\u0105 rozpoznania obrazowego, realizacja zada\u0144, komunikacja.<\/li>\n\n\n\n<li>Zarz\u0105dzanie zasobami i \u015brodkami bojowymi<\/li>\n\n\n\n<li>Powr\u00f3t z misji i analiza wniosk\u00f3w<\/li>\n<\/ul>\n<\/li>\n<\/ol>\n\n\n\n<blockquote class=\"wp-block-quote is-layout-flow wp-block-quote-is-layout-flow\">\n<p>Uwaga. Przed przyst\u0105pieniem do szkolenia wymagane jest samodzielne opanowanie pilota\u017cu dronem FPV w trybie ACRO na dowolnym symulatorze (LiftOff, Uncrashed, FPV FreeRider, Tryp FPV). Osoby nie posiadaj\u0105ce w\/w umiej\u0119tno\u015bci nie b\u0119d\u0105 mog\u0142y uczestniczy\u0107 w zaj\u0119ciach jako opertor drona a wy\u0142\u0105cznie jako nawigator,pomocnik.<\/p>\n\n\n\n<p>Istnieje mo\u017cliwo\u015b\u0107 rozbicia szkolenia na dwa zjazdy 3 dniowe &#8211; do uzgodnienia indywidualnie z grup\u0105 kursant\u00f3w. <\/p>\n<\/blockquote>\n\n\n\n<blockquote class=\"wp-block-quote is-layout-flow wp-block-quote-is-layout-flow\">\n<p>Zakwaterowanie w\u0142asne lub na terenie o\u015brodka szkoleniowego 350 pln \/ 5 dni . Wy\u017cywienie catering w cenie 35 pln \/os \/ dzie\u0144 lub indywidualnie. Wymagane jest wcze\u015bniejsza deklaracja noclegu lub wy\u017cywienia.<\/p>\n\n\n\n<p>Zaj\u0119cia zaczynaj\u0105 si\u0119 o godz. 9:00 dnia pierwszego i ko\u0144cz\u0105 si\u0119 o 12:00 dnia ostatniego. <\/p>\n\n\n\n<p>Istnieje mo\u017cliwo\u015b\u0107 przyjazdu i noclegu dzie\u0144 wcze\u015bniej wieczorem.<\/p>\n\n\n\n<p><\/p>\n<\/blockquote>\n","protected":false},"excerpt":{"rendered":"<p>Daty szkole\u0144 w zak\u0142adce Terminarz Szkolenie u\u017cycia dron\u00f3w klasy mikro do cel\u00f3w rozpoznawczych czas trwania: 3 dni cena : 1200 pln \/ os (cena nie zawiera koszt\u00f3w zakwaterowania i wy\u017cywienia) lokalizacja: strzelnica &#8222;Gun Culture&#8221; w Gostyniu Uwaga. Przed przyst\u0105pieniem do szkolenia wymagane jest posiadanie uprawnie\u0144 ULC klasy A1\/A3 Uprawnienia mo\u017cliwe do uzyskania za darmo na &hellip; <\/p>\n<p class=\"link-more\"><a href=\"https:\/\/badhornet.pl\/?page_id=15\" class=\"more-link\">Czytaj dalej<span class=\"screen-reader-text\"> \u201eSzkolenia dronowe\u201d<\/span><\/a><\/p>\n","protected":false},"author":1,"featured_media":442,"parent":0,"menu_order":1,"comment_status":"closed","ping_status":"closed","template":"","meta":{"footnotes":""},"class_list":["post-15","page","type-page","status-publish","has-post-thumbnail","hentry"],"_links":{"self":[{"href":"https:\/\/badhornet.pl\/index.php?rest_route=\/wp\/v2\/pages\/15"}],"collection":[{"href":"https:\/\/badhornet.pl\/index.php?rest_route=\/wp\/v2\/pages"}],"about":[{"href":"https:\/\/badhornet.pl\/index.php?rest_route=\/wp\/v2\/types\/page"}],"author":[{"embeddable":true,"href":"https:\/\/badhornet.pl\/index.php?rest_route=\/wp\/v2\/users\/1"}],"replies":[{"embeddable":true,"href":"https:\/\/badhornet.pl\/index.php?rest_route=%2Fwp%2Fv2%2Fcomments&post=15"}],"version-history":[{"count":36,"href":"https:\/\/badhornet.pl\/index.php?rest_route=\/wp\/v2\/pages\/15\/revisions"}],"predecessor-version":[{"id":532,"href":"https:\/\/badhornet.pl\/index.php?rest_route=\/wp\/v2\/pages\/15\/revisions\/532"}],"wp:featuredmedia":[{"embeddable":true,"href":"https:\/\/badhornet.pl\/index.php?rest_route=\/wp\/v2\/media\/442"}],"wp:attachment":[{"href":"https:\/\/badhornet.pl\/index.php?rest_route=%2Fwp%2Fv2%2Fmedia&parent=15"}],"curies":[{"name":"wp","href":"https:\/\/api.w.org\/{rel}","templated":true}]}}